 j. Is h prime?
False
Suppose -i = -a, i + 2*a = -2*a + 20. Is 3453*(20/i)/15 a composite number?
False
Let p = 69619 - 38150. Is p a composite number?
False
Let p(g) = 3*g + 196. Let l be p(-64). Let n be (1 + -1 - 1)*-4. Suppose -l*r + n*t = -3208, -t + 4624 - 632 = 5*r. Is r a composite number?
True
Suppose -24*z + 29 - 149 = 0. Is -6 - (3360/(-1) + z) a prime number?
True
Suppose 13*x - 17238 = 10*x - 3*g, 10 = 2*g. Suppose 4*w + 5*s - 1424 = 3*w, -4*w - 5*s = -x. Is w a composite number?
False
Suppose 663240 = 10*x - 0*x + 14*x. Is x a prime number?
False
Suppose -1113 = 63*n - 66*n. Let o = n + 640. Is o a composite number?
True
Suppose -46*r = -55*r + 45. Suppose h + 3*q - 179 = r*q, -4*h - 2*q = -746. Is h composite?
True
Is (-36)/108 + 1074956/6 - (1 - 3) prime?
True
Let q(h) = -h**3 + 22*h**2 + 170*h + 71. Is q(-50) prime?
True
Let i = 43881 - 106930. Let z = -27806 - i. Is z prime?
False
Let n = 19771 - 8330. Is n a prime number?
False
Suppose 10*b - 1017277 = -8*b + 837065. Is b a composite number?
True
Let q(j) = 5*j**3 - j**2 + 1. Let l be q(1). Suppose 5*m = 3*m + l*x + 22607, 3*m - 3*x = 33924. Is m composite?
False
Let b(q) = 19*q**2 - q - 75. Let c(k) = 20*k**2 - 2*k - 79. Let s(z) = 6*b(z) - 5*c(z). Is s(-9) a composite number?
True
Let d(w) = 3*w**2 - 4*w + 10. Let c(t) = t**3 + 4*t**2 - 14*t - 9. Let n be c(-6). Suppose -n*u - 36 = -2*v - 0*u, -2*v + 34 = -4*u. Is d(v) prime?
True
Suppose 3*m - 21 = -6. Let q(v) = -v**3 + 6*v**2 - 7*v + 12. Let r be q(m). Suppose -p - i = -338, -5*p + r*i + 1048 = -635. Is p composite?
False
Suppose 3*l + 32216 = 2*i, 2*i + 4*l - 24155 = 8019. Is i a prime number?
False
Let q be (-4)/2 - 840/24. Let f = -438 - q. Let z = 814 + f. Is z a composite number?
True
Suppose 4*b = -5*m + 6, 2*b - 5*m - 1 = 17. Suppose -b*p - 20 = 0, 22372 = 5*j - 4*p - 14843. Is j a composite number?
True
Let i(d) = -11*d - 14. Let n be i(0). Is (n + -189)/(-1 + 0/(-2)) composite?
True
Let q be 8/(-4) + 0 + (-7)/(-1). Suppose 5*k + 15 = 4*b, -2*b - q*k = b - 20. Suppose b*c - 3486 = -w, -3353 = -3*w - c + 7119. Is w a composite number?
False
Is (-2 - 0)/((-3 + 1)*1/160541) a prime number?
True
Let c(v) = -v**2 + 6*v - 9. Let y be c(6). Let h be (y/6)/(9/48). Is (-4)/h - 374/(-4) a composite number?
True
Suppose 5*v = v + 12. Let o(z) = -z**3 + 28*z**2 - 57*z + 132. Let l be o(26). Suppose v*g - 1229 = -g - k, -l*g = k - 615. Is g composite?
False
Let s(i) = 38*i + 32. Let b be s(-1). Is (261 - 6)*(-2)/b a prime number?
False
Let r(b) be the third derivative of 0*b + 0 + 1/3*b**3 - 37/24*b**4 + 9*b**2. Is r(-5) a prime number?
False
Suppose 294*k + 15 = 299*k. Suppose k*z = -3*a + 96747, -4*a = -9*a - 2*z + 161233. Is a composite?
True
Suppose 0 = 15*s - 3*s. Suppose 27*a - 4418 - 29143 = s. Is a a composite number?
True
Let m(l) = -l**3 + 6*l**2 - 7*l + 14. Let t be m(5). Let w be 2/(t + 2006/(-501)). Is 16/(-12)*w + -1 a composite number?
True
Let l(a) = -869*a - 1. Let c(u) = -u**3 + 35*u**2 - 2*u + 63. Let v be c(35). Is l(v) composite?
True
Let l be (-6)/(-21) + 6716/14. Let h = l - -234. Suppose -4*d = 2*z - h, -2 + 3 = -z. Is d composite?
False
Let a(n) = 869*n + 11. Let k be a(9). Suppose 5*f - k = 10538. Suppose -13*v + 11*v = -f. Is v prime?
False
Suppose -563*t - 1357102 = -568*t + 629793. Is t a prime number?
True
Let t = -2749 + 4928. Is t prime?
True
Let z be 13 + -150 + (0 - -1). Let v be ((-6)/(-4))/((z/(-10944))/17). Is v/7 - (-8)/(-56) prime?
True
Let p(v) be the first derivative of 2*v**3/3 - 6*v**2 - 19*v - 8. Is p(15) a prime number?
True
Let t = -182 + 171. Is (-173)/((-1)/(-11)*11/t) a composite number?
True
Let x(c) = 23*c**2 - 16*c - 86. Let u = -529 - -549. Is x(u) a composite number?
True
Is 5/(-4)*(-19487664)/630 prime?
False
Let z be 9/4*(112 - (1 - -3)). Let f(a) = -z*a + 1 + 32*a + 43*a - 207*a. Is f(-6) a composite number?
False
Suppose 0 = -5*w - 15, -2*b + 10*w = 12*w - 83784. Suppose -b = -13*z - 13256. Is z a prime number?
True
Let j be 3774/18 + 2/(-3). Suppose j = -3*x + 1244. Let v = x - -106. Is v prime?
False
Let s = 107605 - -142098. Is s a prime number?
True
Suppose 2*t + 3*u - 270122 = 0, 33*t + 4*u - 135071 = 32*t. Is t a composite number?
True
Let b(p) = -619*p + 282. Is b(-23) a prime number?
True
Let d(b) = -b**2 - 5. Let j be d(0). Let r = j - -9. Suppose -r*w - 5 = 7, 0 = 4*t - 5*w - 1723. Is t prime?
False
Let y(p) = 94956*p - 12873. Is y(6) prime?
False
Suppose 3*j + 2*j - 10 = 0. Let w be 178 + (-3 - 6) + -1. Suppose w + 254 = j*t. Is t a prime number?
True
Suppose -20*j - 11196 + 58436 = 0. Suppose -y = -5*y - 3*c + 4734, -2*y = 4*c - j. Is -6*(y/(-10) + 5) a prime number?
False
Is (6 - (-104855)/(-2))*14/((-56)/8) composite?
True
Let l = -1294565 + 2575358. Is l a composite number?
True
Let y(b) = 4903*b**2 + 148*b + 611. Is y(-4) a prime number?
True
Is 60891/(-9)*(-44)/((-836)/(-57)) a composite number?
False
Suppose -380 = -12*n + 7588. Suppose 4*f = -5*u - 1248, f + 5*u + 297 = -0*u. Let j = f + n. Is j a prime number?
True
Suppose k = -5*a + 1113691, -a - 5*k + 245165 = 22446. Is a prime?
False
Suppose -n + 12 = -4*u, 0 = -3*n + u + 21 - 18. Suppose n = -22*w + 15*w + 52787. Is w a prime number?
True
Suppose -3*l = l - 500. Suppose 36*m + n + 3656 = 40*m, 0 = 2*m + 2*n - 1808. Let v = m - l. Is v a composite number?
False
Let t(k) = 244*k**2 - 207*k + 37. Is t(12) prime?
False
Let o(z) = -z**2 - 6*z + 13. Let p be o(-7). Suppose 3*i - p*i = -36. Is i/(-3) - 753/(-3) a composite number?
True
Let o = 8 - 5. Let a be -8 - -2 - 1 - (-1 + -8 - -2). Suppose a = -2*w - s + 23313, 5*w - o*s - 66267 = -7979. Is w composite?
False
Let b = -27 + 42. Suppose 4*t + 11 = b. Is (t - (-954)/4)*2 a composite number?
False
Suppose 23*o + 65*o = -19*o + 63635147. Is o prime?
True
Is -1*(-13118 - (-35)/(-7)) a prime number?
False
Let t be ((-4)/(-1))/(-6 - (-1 - 3)). Let k be -2*6765/(-10)*t/(-6). Suppose -8*x = -9*x + k. Is x a composite number?
True
Let b(p) be the second derivative of 4387*p**3/6 + 37*p**2/2 + 11*p + 1. Is b(3) prime?
False
Suppose -86*d - 771127 = -93*d. Is d prime?
True
Let l(z) = 309 - 476 + 167 + 307*z. Suppose 1 = k - 1. Is l(k) a prime number?
False
Let z = 79 + -75. Suppose z*g = 2*g - 4, -5*t - 5*g + 3325 = 0. Suppose -5*u + t = -5388. Is u prime?
False
Let t(v) = -3*v + 80. Let f be t(25). Suppose -i + 3*p + 2454 - 407 = 0, f*i - 5*p = 10255. Is i a composite number?
False
Let p(j) = 338477*j + 2392. Is p(1) composite?
True
Let a = 8692 - 1869. Is a a prime number?
True
Let x(z) = z**3 + 14*z**2 + 12. Let n be x(-14). Is 3/18 + 66970/n a composite number?
False
Suppose w + 6*w + 14 = 0. Let o(q) = -67*q**3 + 2*q**2 + 4*q + 5. Is o(w) composite?
False
Is 12271/((-39)/(-13) + -2) prime?
False
Let g(j) = -j**2 - 17*j - 37. Let u be g(-15). Is u*(-10)/35 + 1059 a prime number?
True
Suppose -59*h + 6985560 = -14*h - 3839235. Is h composite?
False
Suppose -32*k - 946036 + 24091834 = 1387622. Is k composite?
True
Let z(q) = q**2 - 3*q - 9. Let s be z(5). Let y(r) = 365*r**3 + 3*r - 2. Let d be y(s). Let v = -155 + d. Is v composite?
False
Suppose -530854 + 181435 = 26*s - 4977393. Is s a prime number?
False
Suppose -1858*c + 10330086 = -1832*c. Is c a prime number?
False
Let m be (125 - -1) + 3/1. Suppose -m*l = -133*l + 32524. Let o = l - 3792. Is o prime?
True
Let a = -1031 - 580. Let g = a + 2317. Let m = g - 403. Is m a prime number?
False
Suppose 0 = -4*u - 20, -s = 13*u - 9*u - 1532453. Is s composite?
True
Let d = -26963 + 114276. Is d prime?
True
Let r = 4003 - 14674. Let s = r + 15068. Is s a prime number?
True
Suppose -15 = -3*m, 2*g = -m - 4*m + 729. Let q be -1 + 3/3*g. Suppose 3*u + 85 = -t + q, 3*t + 5*u - 778 = 0. Is t a composite number?
False
Suppose 5*c - 1364130 - 496980 = -u, 4*c - 1488877 = -3*u. Is c prime?
True
Let u(m) = -284*m**3 - 3*m**2 + m + 6. Let g be u(-2). Let r = g + 11199. Is r a prime number?
True
Let g(c) = c**3 - 13*c**2 - 8*c - 81. Let d be g(14). Suppose 2*r = -o + 5409, 5*o - 32024 + 4992 = d*r. Is o prime?
True
Let x = 0 - -122. Let g = x + -117. Suppose 0*t = -t + 3*l + 452, 0 = 5*t + g*l - 2160. Is t a composite number?
True
Suppose 2*d = 57 + 227. Suppose -2*s + 4*c + d = 0, 6*s - 4*s - 157 = -c. Is (-2)/(